se -2 = 3*x + 2*x + j, -4*x - 2 = j. Suppose 13*q - 9*q - 180 = x. What is the tens digit of q?
4
Suppose 325 = 4*b + 9*b. What is the units digit of b?
5
Suppose -w - 2 = 0, -5*w + 123 - 376 = -3*c. What is the units digit of c?
1
Suppose 0*c + 52 = c + 3*g, 3*c = 5*g + 86. What is the units digit of c?
7
Suppose 2*s - 55 = -11. What is the units digit of s?
2
What is the hundreds digit of 188 + 0 - (1 - 1)?
1
Suppose -42 = -5*z + 678. What is the units digit of z?
4
Let o = -97 - -215. What is the tens digit of o?
1
Let b be 18/2 + -3 + -1. Suppose t = b*z - 38, -3*z - 4*t + 15 = -2*t. What is the units digit of z?
7
Let a(p) = p**3 + 6*p**2 - p - 6. Let f be a(-4). Let l = -1 + f. What is the units digit of l?
9
Suppose -f + 6 = -8. Let w = -11 + f. What is the units digit of w?
3
Suppose -5*k + 22 = -3*p, 4*k + p = 17 + 4. Suppose 5*s = -5*n - k, -4*s - 9 = -1. What is the units digit of n?
1
Let s be 2/4*-2*3. Let m(o) = 2*o**2 - o - 3*o**2 + 3 - 2*o. What is the units digit of m(s)?
3
Let p(l) = 2*l**2 + l + 40. What is the units digit of p(0)?
0
Suppose -3*k = k + 8, -2*f + 50 = 3*k. Let m = f + -16. What is the tens digit of m?
1
Let g = 8 + 2. Suppose 3*a - 2*k + 7 = -0*k, 4*a = -k - 24. Let d = a + g. What is the units digit of d?
5
Suppose -s + 105 = 4*f, 90 = 3*f + 2*s + s. What is the units digit of f?
5
Let b = -40 - -134. What is the units digit of b?
4
Let i(k) = -k**2 - 9*k - 10. Let c be i(-7). Suppose c = u - 3*f, 5*f = 3*f + 4. What is the units digit of 36/u - 8/(-20)?
4
Let i = 3 - 6. What is the units digit of (-3)/(9/(-24)) - i?
1
Let n be (-4)/(-16) - (-310)/8. Suppose 3*v - 3*l = n + 39, 0 = -5*l - 5. What is the units digit of v?
5
Let o(a) be the first derivative of -2 - 3/2*a**2 - 7*a. What is the tens digit of o(-6)?
1
Suppose -5*u = 32 - 112. What is the units digit of u?
6
Let k = -5 - -8. Suppose 11 = -g - 3*r, -k*r = -2*g - 2*g + 1. What is the units digit of (-27)/18 - 17/g?
7
What is the tens digit of 54 - (3 + -1) - -2?
5
Let i(a) be the second derivative of a**4/4 + a**3/6 - 2*a. Let w(s) = 16*s**2 + 6*s. Let r(t) = 11*i(t) - 2*w(t). What is the units digit of r(2)?
2
Suppose 4*k + 12*i = 8*i + 116, -5*k - 3*i = -155. What is the tens digit of k?
3
Suppose -n - 9 = -48. What is the units digit of n?
9
Let t = 40 + -23. Let q = t + -4. What is the tens digit of q?
1
Let z(k) = k**3 + 9*k**2 + 10*k + 7. Let l be z(-8). What is the units digit of (3/l)/((-3)/72)?
8
Suppose 2*a - n + 463 = 5*a, 3*n = -a + 141. What is the tens digit of a?
5
Suppose -g + 20 = -7. What is the units digit of g?
7
Let a(b) = b**3 - 6*b**2 + 7*b - 5. Let u be a(4). Let k be 3/2*(-44)/2. What is the units digit of k/u + (-4)/6?
3
What is the units digit of (-6 - -1)*259/(-35)?
7
Suppose 11 = 2*m - 5. Let p = m - -1. What is the units digit of p?
9
Suppose 0 = 3*l - 217 + 49. What is the tens digit of l?
5
What is the tens digit of 3080/12 - 2/3?
5
Suppose -6*r + 2*r - 8 = 0. What is the units digit of -1*r/(-6)*-33?
1
Let u be (-105)/(-75) - (-2)/(-5). Suppose -4*q = 2*k - 3 - 5, -q = -u. What is the units digit of k?
2
Let b(u) = 3*u**3 - 2*u**3 + 3*u + 3*u + 1 + 5*u**2 - 2*u. Let x be (-2 - -4)/(4/(-6)). What is the units digit of b(x)?
7
Let g = 0 - 0. Let p = 109 - 106. What is the units digit of (-3)/(p/(-2)) - g?
2
What is the units digit of (-1 - (-1 - 4)) + -2?
2
Let y(x) = -x**2 + 2*x. Let d be y(2). Suppose 0 = -4*i + 1 + 39. What is the units digit of i/5 - (-1 + d)?
3
Let q = 16 - -7. Let x = q + -11. What is the tens digit of x?
1
Let j = 9 + -4. Suppose -3*u = -2*b - j, 4*u - 19 - 11 = -2*b. Let n = u + -1. What is the units digit of n?
4
Let z(b) = b**3 - b**2 - 3*b + 2. Let d be z(2). Let o(g) = -g - 2. Let q(r) = 2*r + 5. Let c(j) = 11*o(j) + 6*q(j). What is the units digit of c(d)?
8
Let j be (-32)/20 - 2/5. Let a be (49/j)/(2/(-4)). Suppose a = 3*f + 13. What is the units digit of f?
2
Let c(j) = -18*j**3 + j**2 + 2*j + 1. Let v(u) = -u**3 + u**2 + u + 1. Let k be v(2). What is the tens digit of c(k)?
1
Let g = 116 - 67. What is the units digit of g?
9
Suppose u = -4*w - 3*u + 216, w - 60 = u. What is the tens digit of w?
5
What is the units digit of -2 - (-129)/3 - -2?
3
Let l = 3 - -2. What is the units digit of (-62)/(-10) - 1/l?
6
Let d be ((-1)/(-3))/(1/21). Let t = d + -6. What is the units digit of t?
1
Let t = -163 + 249. What is the tens digit of t?
8
Let d = 25 - 18. Let f = 10 - d. What is the units digit of f?
3
Let a be 3 - (0/(-3) + 1). Suppose a*x + 12 = 2*h, 2*x + x = 4*h - 29. Let w = h - -1. What is the units digit of w?
2
Suppose -2*b - 2*p - 6 = 2*b, -3*b + 3*p = 0. Let t(z) = 7*z + 1. Let s(n) = 22*n + 3. Let l(g) = 2*s(g) - 7*t(g). What is the units digit of l(b)?
4
Let o be 29/(-4) - 1/(-4). Let c = -4 - o. Let b = 8 - c. What is the units digit of b?
5
Let l be ((-10)/(-3))/(16/72). Let w = l - -11. What is the units digit of w?
6
Let s be 5/(5/(-3)) - -5. Suppose 70 = s*w + 3*w. What is the units digit of w?
4
Let b(j) = -5*j - 15. What is the units digit of b(-4)?
5
Let h(p) = -p - 11. Let m be h(-14). Let n = m + 22. What is the units digit of n?
5
What is the units digit of (-1 + 12/10)/((-8)/(-2120))?
3
Let b(t) = 16*t**3 - t. Let d be 1/(-3)*-3*-1. Let u be b(d). What is the units digit of (-64)/(-10) + 6/u?
6
Suppose -3*y + f + 32 = 0, 0 = -5*y + 4*f + f + 70. Let j be -15*((-3)/y - 0). Suppose -6*d + 8 = -j*d. What is the units digit of d?
8
Let i(z) = -3*z + 9. Let q = 24 - 24. What is the units digit of i(q)?
9
Suppose 351 = f + 19*v - 15*v, 2*v + 1053 = 3*f. What is the units digit of f?
1
Let p = 30 + -8. Suppose 0*j = -j + p. What is the units digit of j?
2
Suppose j + 4*j = 20. Suppose -12 = 3*n + 4*m - 83, 4*m + 76 = j*n. What is the tens digit of n?
2
Suppose -4*x = 5*s - 236 + 20, 167 = 3*x + 5*s. What is the tens digit of x?
4
Suppose -5*j + 188 = -422. What is the units digit of j?
2
Let z = 2 + 2. Suppose p - 2*p + 14 = -z*m, 0 = -2*p + 5*m + 25. What is the units digit of p?
0
Suppose 0 = 5*o - 3*j + 149, -118 = 4*o - 2*j - j. Let u = o - -53. What is the units digit of u?
2
Let t(u) = 3*u + 6. Let q be t(-5). Let m(a) = -a**2 - 10*a + 10. What is the tens digit of m(q)?
1
Let i(d) = 3*d - 2. Let l be i(2). Suppose 2*z - 52 = -5*n, -z + 42 = l*n + 13. What is the units digit of (-6)/z - 130/(-14)?
9
Suppose 0 = -4*d - s + 397, -2*d - 5*s = -158 - 27. What is the hundreds digit of d?
1
What is the units digit of -3 + 0 - -1 - -3 - -30?
1
Let k(q) = 8*q**2 + 10*q + 15. What is the hundreds digit of k(-5)?
1
Let w = 98 + 135. What is the hundreds digit of w?
2
Let t = -200 + 333. What is the units digit of t?
3
Let k = -10 + 15. Suppose 11 = -2*o + 27. Suppose -2 = -k*v + o. What is the units digit of v?
2
Suppose 5*o - 824 = 3*n, 4*n + 338 = 2*o - 0*n. What is the hundreds digit of o?
1
Suppose -5*q - s = -11, 4*s + 4 = q - 15. Suppose -q*k = -5*k. Suppose 2*o - 2*y = k, 0 = -4*o + o - y + 12. What is the units digit of o?
3
Let i be 6/4*(-8)/(-6). Suppose 0 = d + 3, -i*v = d - 2 - 19. What is the tens digit of v?
1
Let h be (-20)/(-6) + (-4)/(-6). Suppose -h*p + 20 + 8 = 0. Let k(l) = l**3 - 7*l**2 + l. What is the units digit of k(p)?
7
Let r(u) = u**3 - 3*u**2 + 4*u + 1. Let q be 1 + 2/(-1)*-1. What is the units digit of r(q)?
3
Let m = -2 + 6. Suppose 0 = -3*n + 11 + m. Let o = n + 3. What is the units digit of o?
8
Let a(y) = 14*y**2 - 2*y - 2. What is the units digit of a(2)?
0
Suppose -4*z - 174 = -2*i + 26, 289 = 3*i + 5*z. Let r = i + 2. What is the units digit of 4/(-5)*r/(-8)?
0
Let t(h) = 3*h**2 + h + 10. What is the units digit of t(-5)?
0
Suppose -j + 55 = -0*j. What is the units digit of j?
5
Let h(x) be the third derivative of -x**4/24 - x**3/3 + 16*x**2. Let b be 14/(-6) - 2/3. What is the units digit of h(b)?
1
Suppose 0*q + q = 15. Suppose m + 4*m = -q. What is the units digit of ((-2)/m)/((-2)/(-27))?
9
What is the units digit of 1/((-2)/(-18)) - 2?
7
Let b(v) = 5*v - 4. What is the tens digit of b(9)?
4
Suppose -5*z + 2*y - 23 = 0, -2*y + 1 = 3*z + 18. Let p = z + 1. Let h = p + 6. What is the units digit of h?
2
Suppose 0*o = -2*o + 4. Suppose 0*t + o*t = 58. What is the tens digit of t?
2
Let j = -1 + 30. Let v be ((-1)/(-1))/((-1)/16). Let s =